ine z(x).
-7
Let l(s) = -3*s + 11. Suppose 0*j = j + 2*h + 2, -3*j - 5*h - 1 = 0. Suppose -9*y = -j*y - 6. Determine l(y).
-7
Let z(y) be the second derivative of y**3/6 + 4*y**2 - 2*y. Suppose -23*q = 71*q. Calculate z(q).
8
Let s(i) = -4*i - 5. Let l(v) = 17*v - 348. Suppose u + 6*o - 24 = 4*o, 0 = -5*u - 2*o + 104. Let x be l(u). Calculate s(x).
27
Let y(a) be the second derivative of -2*a**5/5 + 41*a**4/12 - a**3/6 - 6*a**2 - 793*a. Give y(5).
8
Suppose -3*h = 0, 0 = 4*c - 2*h - 89 + 5. Let f(g) = -c + 46 - 15 - 15 - g - g**2. What is f(0)?
-5
Suppose 5*i - y = -29, 2*i + 2*y - 6 = -2*y. Let j be i*(-10)/25*1. Let x(p) = -p**j - 30*p**3 + 31*p**3 + 5*p - 6*p**2 + 8. Calculate x(6).
2
Let c = -5225 + 5227. Let w(d) = -24*d + 40. Determine w(c).
-8
Suppose -501 = 69*b + 1224. Let f(y) = 2*y - 2. Let u be f(-4). Let w be u*(1 + 40/b). Let a(j) = j**3 - 7*j**2 + 7*j - 6. What is a(w)?
0
Suppose -4*u - 2*z = -14, -z - 14 = -4*u + 15. Let y(p) = u*p + 5*p**2 - 6 + 1 - p**3 + 13. Let c = 117 - 111. Determine y(c).
8
Suppose -15*c + 20*c + 39 = -8*c. Let k(r) = -r**2 + 2*r - 6. Calculate k(c).
-21
Let h = 1431 + -1437. Let g(n) = n**3 + 6*n**2 + 2*n + 5. What is g(h)?
-7
Let j(d) be the second derivative of -d**6/360 - d**5/10 - d**4/3 - 125*d**3/3 + 102*d. Let i(k) be the second derivative of j(k). Determine i(-11).
3
Let p(s) = 2*s + 1. Let g(u) = -u**3 + 19*u**2 - 18*u - 6. Let d be g(18). Let l(y) = -11*y - 15. Let h(f) = d*p(f) - l(f). What is h(7)?
2
Let y(n) = -n - 8. Let s = 187 - 174. Suppose 2*r - 66 = s*r. Give y(r).
-2
Let g(p) = 2*p**2 + 13*p + 17. Let z be 58/(-203) + (-6)/7*120/18. Give g(z).
11
Let j(n) be the first derivative of n**3 - 1/2*n**2 - 1 + 0*n. Suppose 4*p = i + 13, -3*p + 2*i + 14 = -p. Calculate j(p).
10
Let j = 5442 - 5461. Let c(q) = q**2 + 18*q - 36. Calculate c(j).
-17
Let r(m) = 0*m + 5 + m - 13*m - 25 + 6. What is r(6)?
-86
Let y(u) = u**3 + 4*u**2 + 113*u - 365 + 363 - 109*u. Calculate y(-3).
-5
Let m(d) = 37*d + 9. Let z(l) = 25*l**2 + 140*l + 73. Let c be z(-5). What is m(c)?
-65
Let o(m) = m**3 + 11*m**2 + 8*m - 15. Let a = -74 + -173. Let n = a + 237. What is o(n)?
5
Let a be (-88)/(-28) + (-3)/21. Suppose 5 + 7 = a*h. Let n(v) = h*v - 1 + 8 - 9. Calculate n(2).
6
Let n(u) = -1 - 3040*u**2 + 1518*u**2 + 1520*u**2 + 14*u - 18*u**3 + 17*u**3. Give n(-4).
-25
Let h(d) = -59 + 4*d**3 - 58*d + 62*d + 60 + 2*d**2. Let z be h(-1). Let t(q) = -q**2 - 5*q - 1. Calculate t(z).
-1
Let q = -4531 + 4525. Let r(p) = 1. Let g(y) = -y**3 - 6*y**2 + 2*y - 3. Let i(c) = g(c) + 5*r(c). Calculate i(q).
-10
Let i(c) = c**3 - 5*c**2 + 5. Let k(o) = -3*o**3 + 25*o**2 - 7*o + 20. Let f be k(7). Let d = 171 - f. Determine i(d).
-11
Let h(v) = v**2 - 79*v - 321. Let o be h(83). Let w(k) = -5*k + 53. Give w(o).
-2
Let t(p) = -3*p**3 - 3*p**2 - p - 3. Let y be t(-5). Let b(q) = -q**3 + 6*q**2 - q + 303. Let u be b(0). Let l(s) = y + 0*s - u - 3*s. Calculate l(1).
-4
Let g be ((-1830)/3965)/(198/39 - 5). Let l(q) = -q + 3 + q**3 + 3 + 7*q**2 + 6*q. Determine l(g).
12
Let o(h) = -h**2 + 2*h - 2. Suppose q - 6*q + 15 = 0. Let s(p) = -p**2 + 3*p - 2*p**q + 3 + 2*p**2 + 0*p**2. Let l be s(-1). Determine o(l).
-5
Suppose 0 = 2*c + r + 1, 3*c - 4*c - r = 0. Let a(v) be the first derivative of 0*v**3 - 1/2*v**2 - 4 + 0*v + 3*v**4. Determine a(c).
-11
Let w(b) = b**3 - 9*b**2 + 4*b + 8. Let r be w(7). Let y = r - -65. Let o(k) = -3*k. What is o(y)?
-9
Let d(g) = 2*g**2 + 21*g + 15. Let s(h) = h**2 + 10*h + 7. Let k(a) = 2*d(a) - 5*s(a). Let y be (4/(-3))/(2/(-9)). Let u = -11 + y. Determine k(u).
10
Let g = -79 - -82. Let t(f) = g - 3 - 1 - 1 + 2*f. Let i be (-440)/(-45) + -5 - 2/(-9). Calculate t(i).
8
Let j(q) = -2*q**3 + 73*q**2 - 36*q - 12. Let z(o) = -9*o**3 - 8*o**2 - o - 6. Let t be z(-2). Calculate j(t).
-12
Let i(s) = 9*s - 6. Let x(k) = -k + 1. Suppose 3*z + 4*m = -z - 316, 5*m = 20. Let p = 89 + z. Let r(v) = p*x(v) + i(v). Calculate r(3).
9
Let s be (-11 - -8) + 9 - 11. Let i(l) = l**3 + 3*l**2 - 6*l + 5. Determine i(s).
-15
Let l(d) = d**3 + 8*d**2 + 10*d + 1. Let j(q) = 38*q**3 + q**2 - 2*q + 1. Suppose -i = -2*x, -5*x - 4*i = -8 - 5. Let g be j(x). Let o = 31 - g. What is l(o)?
-20
Suppose 3*m = -2*r - 203 + 192, 0 = -4*r - 2*m - 10. Let b(p) = 8*p + 1. Calculate b(r).
-7
Let u(y) be the first derivative of -y**3 - 55*y**2/2 - 147*y + 3777. What is u(-15)?
3
Let v(h) = 3*h + 10. Let p(z) = 6*z - 85. Suppose 0 = x + 4*w - 25, -x = 4*x + w - 68. Let y be p(x). Calculate v(y).
-11
Let x be (41/3)/(8/24). Suppose -26 + x = -5*l. Let s(d) = -22*d + 16. Let j(m) = 15*m - 11. Let v(z) = 7*j(z) + 5*s(z). Calculate v(l).
18
Suppose -2*t + 151 = 4*o - o, -4*o = 4*t - 208. Suppose 3*b + 32 - o = 0. Suppose -8 = b*w + 2. Let n(g) = g**3 + 2*g**2 + 2*g + 1. What is n(w)?
-3
Let n = 2861 + -2847. Let f(u) = u - 9. What is f(n)?
5
Let a(o) = 2*o**2 + o - 1. Suppose -18 = -f + 3*i, 0 = f - 3*f - 5*i - 19. Suppose -5*v = -f*w - 4, v - 4*w = w - 8. Calculate a(v).
9
Let f(k) = 2*k**2 - 68*k - 13*k**2 + 9*k**2 - 2*k**2 - 6. What is f(-17)?
-6
Let v(o) = -23120*o + 11567*o - 2 + 11559*o - 39. Calculate v(7).
1
Suppose 4 = g + 3*j, 0*g + 3*j = -5*g - 16. Let b(s) be the first derivative of -s**2 - 7*s - 323. Calculate b(g).
3
Let h(m) = m**3 - 6*m**2 + 6*m + 1. Let s(w) = w - 1. Let u(k) = 9. Let j(f) = -s(f) + u(f). Let v = 1351 - 1346. Let b be j(v). Calculate h(b).
6
Let a(u) = u**2 - u. Let h(p) be the first derivative of -p**4/4 - 13*p**3/3 + 10*p - 57. Let w(f) = -5*a(f) - h(f). What is w(-7)?
4
Let q(m) be the second derivative of -m**3/6 - 7*m**2/2 - 17*m - 1. Let y = -22 - -22. Suppose -2*g = -y*g - f + 18, -f = 5*g + 45. Give q(g).
2
Let p(h) be the first derivative of 11*h**2/2 - 43*h - 1497. Determine p(6).
23
Let t(x) = 26*x**3 + 6*x**2 + 27*x + 8. Let d(q) = 12*q**3 + 3*q**2 + 12*q + 4. Let n(c) = -11*d(c) + 5*t(c). Suppose 4*j = -3 - 9. What is n(j)?
14
Let z(g) = 0*g + 5*g**2 - 74*g**3 + 73*g**3 + 267 - 10*g - 253 + 4*g**2. Determine z(6).
62
Suppose -15*a - 32541 + 32586 = 0. Let t(l) be the third derivative of l**5/60 - 5*l**4/24 + l**3/2 + l**2. What is t(a)?
-3
Let h(m) = 2 - m - 1 + 1. Let k(j) = -j**3 - 45*j**2 + 250*j + 8. Let y be k(-50). Determine h(y).
-6
Let i(a) = 223 + 211 + 213 - 1070 + 213 - a + 214. Let j = 5 - 3. Calculate i(j).
2
Let h(x) be the first derivative of -1/3*x**3 - 3*x - 26 + x**2. Calculate h(4).
-11
Let t(x) be the first derivative of 10*x**2 + 36*x - 241. Calculate t(-2).
-4
Let l = 31 - 45. Let s = 2 - l. Let o(i) = 12*i - 23*i + s*i. What is o(-4)?
-20
Suppose -2*y + 43 + 42 = -7*v, 91 = -4*v + 5*y. Let g(j) = 3 + 7*j + j**3 - 2 + 10*j**2 - 8. Determine g(v).
11
Let p(k) be the first derivative of k**3/3 + k**2/2 - k + 685. Let i(b) = 5*b - b**2 - 5 + 6*b**2 - 2. Let w(s) = i(s) - 6*p(s). Give w(-2).
-3
Let z(w) = -5*w. Let p(d) = -17*d. Let c(n) = 2*p(n) - 6*z(n). Give c(12).
-48
Suppose 258*d = -31*d + 1445. Let g(y) = 1. Let a(t) = -t**2 + 3*t + 10. Let k(p) = a(p) - 4*g(p). Give k(d).
-4
Let a(y) be the third derivative of 1/4*y**4 - 1/60*y**5 + 0*y + 0*y**3 + 0 + 73*y**2. What is a(9)?
-27
Let u(o) = -o**3 - o**2 - o - 8. Let p be u(0). Let k(z) = -554 + 0*z + 556 + 0*z + 358*z**2 - 350*z**2 + z**3. What is k(p)?
2
Let a(p) = 2*p - 1. Let k be 46/10 - 10/(-25). Let d(t) = -3*t + 1. Let h(f) = k*d(f) + 7*a(f). Suppose b + 1 = 1. Give h(b).
-2
Let z(c) = 10*c + 14. Let q(j) = -52 + 3*j - 10*j + 101 - 58. Let n(l) = -7*q(l) - 5*z(l). Calculate n(-6).
-1
Suppose -3*h - 3*a - 6 = 0, 30 = -5*h + a - 10. Let o(k) be the third derivative of -k**6/120 - 7*k**5/60 - k**4/8 - 8*k**3/3 - 2*k**2 - 1017*k. Determine o(h).
5
Let f be 8/(1 - 0)*(-1)/(-2). Suppose 0 = -a - 2 - f. Let u(s) be the second derivative of s**5/20 + 5*s**4/12 - 2*s**3/3 + 4*s**2 + s. What is u(a)?
-4
Let k(j) = -3*j**2 + 4*j + j**2 + 3*j**2 + 8 + 6*j. Suppose -2360*q = -2362*q, -2*q = 3*z + 33. What is k(z)?
19
Let b(i) = 2*i**3 - 3*i**2 - i + 4. Let n(p) = p**2 + 138*p + 4638. Let y be n(-58). Determine b(y).
-22
Suppose 136*w - 104 = 128*w. Suppose w*l - 108 = 4*l. Let y(h) = -h**3 + 11*h**2 + 12*h - 8. Calculate y(l).
-8
Let d = -1579 + 1090. Let w = d + 491. Let m(s) = -s**2 + 1. Give m(w).
-3
Let u = -2364 - -2365. Let n(z) 